{"id":188,"date":"2016-10-01T12:26:29","date_gmt":"2016-10-01T09:26:29","guid":{"rendered":"http:\/\/lasteaiad.narvakultuur.ee\/pingviin\/?page_id=188"},"modified":"2025-11-17T09:33:39","modified_gmt":"2025-11-17T07:33:39","slug":"ruhm-rukkilill","status":"publish","type":"page","link":"http:\/\/lasteaiad.narvakultuur.ee\/pingviin\/et\/ruhmad\/ruhm-rukkilill","title":{"rendered":"R\u00fchm &#8220;Rukkilill&#8221;"},"content":{"rendered":"<p><img loading=\"lazy\" decoding=\"async\" class=\"alignnone wp-image-172 size-thumbnail\" src=\"http:\/\/lasteaiad.narvakultuur.ee\/pingviin\/wp-content\/uploads\/2016\/10\/ruhmad-ruhm-rukkilill-150x150.jpg\" alt=\"ruhmad-ruhm-rukkilill\" width=\"150\" height=\"150\" \/><\/p>\n<h5><span style=\"color: #0000ff\"><strong>Eritoega\u00a0 r\u00fchm nr 3 Rukkilill<br \/>\n<\/strong>(lapsed 3 kuni 7 aastat)<\/span><\/h5>\n<p><span style=\"color: #0000ff\">\u00d5petaja: Niina Janson<\/span><br \/>\n<span style=\"color: #0000ff\">Abi\u00f5petaja: Olga T\u0161udovaja<\/span><br \/>\n<span style=\"color: #0000ff\">Eripedagoog: Ljubov Gadal\u0161ina<\/span><br \/>\n<span style=\"color: #0000ff\">Logopeed:<\/span><br \/>\n<span style=\"color: #0000ff\">Abi\u00f5petaja: Natalja Rudik<\/span><\/p>\n<p><strong><img loading=\"lazy\" decoding=\"async\" class=\"size-full wp-image-3726 alignleft\" src=\"http:\/\/lasteaiad.narvakultuur.ee\/pingviin\/wp-content\/uploads\/2025\/09\/Rukkilill.jpg\" alt=\"\" width=\"720\" height=\"1024\" srcset=\"http:\/\/lasteaiad.narvakultuur.ee\/pingviin\/wp-content\/uploads\/2025\/09\/Rukkilill.jpg 720w, http:\/\/lasteaiad.narvakultuur.ee\/pingviin\/wp-content\/uploads\/2025\/09\/Rukkilill-211x300.jpg 211w\" sizes=\"auto, (max-width: 720px) 100vw, 720px\" \/><br \/>\n<\/strong><\/p>\n<p>&nbsp;<\/p>\n<p>&nbsp;<\/p>\n","protected":false},"excerpt":{"rendered":"<p>Eritoega\u00a0 r\u00fchm nr 3 Rukkilill (lapsed 3 kuni 7 aastat) \u00d5petaja: Niina Janson Abi\u00f5petaja: Olga T\u0161udovaja Eripedagoog: Ljubov Gadal\u0161ina Logopeed: Abi\u00f5petaja: Natalja Rudik &nbsp; &nbsp;<\/p>\n","protected":false},"author":5,"featured_media":0,"parent":49,"menu_order":0,"comment_status":"closed","ping_status":"closed","template":"","meta":{"footnotes":""},"class_list":["post-188","page","type-page","status-publish","hentry"],"_links":{"self":[{"href":"http:\/\/lasteaiad.narvakultuur.ee\/pingviin\/wp-json\/wp\/v2\/pages\/188","targetHints":{"allow":["GET"]}}],"collection":[{"href":"http:\/\/lasteaiad.narvakultuur.ee\/pingviin\/wp-json\/wp\/v2\/pages"}],"about":[{"href":"http:\/\/lasteaiad.narvakultuur.ee\/pingviin\/wp-json\/wp\/v2\/types\/page"}],"author":[{"embeddable":true,"href":"http:\/\/lasteaiad.narvakultuur.ee\/pingviin\/wp-json\/wp\/v2\/users\/5"}],"replies":[{"embeddable":true,"href":"http:\/\/lasteaiad.narvakultuur.ee\/pingviin\/wp-json\/wp\/v2\/comments?post=188"}],"version-history":[{"count":28,"href":"http:\/\/lasteaiad.narvakultuur.ee\/pingviin\/wp-json\/wp\/v2\/pages\/188\/revisions"}],"predecessor-version":[{"id":3916,"href":"http:\/\/lasteaiad.narvakultuur.ee\/pingviin\/wp-json\/wp\/v2\/pages\/188\/revisions\/3916"}],"up":[{"embeddable":true,"href":"http:\/\/lasteaiad.narvakultuur.ee\/pingviin\/wp-json\/wp\/v2\/pages\/49"}],"wp:attachment":[{"href":"http:\/\/lasteaiad.narvakultuur.ee\/pingviin\/wp-json\/wp\/v2\/media?parent=188"}],"curies":[{"name":"wp","href":"https:\/\/api.w.org\/{rel}","templated":true}]}}