{"id":213,"date":"2016-10-01T12:55:16","date_gmt":"2016-10-01T09:55:16","guid":{"rendered":"http:\/\/lasteaiad.narvakultuur.ee\/pingviin\/?page_id=213"},"modified":"2025-10-28T08:56:13","modified_gmt":"2025-10-28T06:56:13","slug":"ruhm-vesiroos","status":"publish","type":"page","link":"http:\/\/lasteaiad.narvakultuur.ee\/pingviin\/et\/ruhmad\/ruhm-vesiroos","title":{"rendered":"R\u00fchm &#8220;Vesiroos&#8221;"},"content":{"rendered":"<p><img loading=\"lazy\" decoding=\"async\" class=\"alignnone wp-image-175 size-full\" src=\"http:\/\/lasteaiad.narvakultuur.ee\/pingviin\/wp-content\/uploads\/2016\/10\/ruhmad-ruhm-vesiroos-e1475323556357.jpg\" alt=\"ruhmad-ruhm-vesiroos\" width=\"108\" height=\"150\" \/><\/p>\n<h5><span style=\"color: #3366ff\"><strong>Eritoega r\u00fchm nr 9 Vesiroos<br \/>\n<\/strong>(lapsed 3 kuni 7 aastat)<\/span><\/h5>\n<p><span style=\"color: #3366ff\">\u00d5petaja: Galina Tubin<\/span><br \/>\n<span style=\"color: #3366ff\">Abi\u00f5petaja: Irina Ve\u0161talo<\/span><br \/>\n<span style=\"color: #3366ff\">Eripedagoog: Sofia Ivanova<\/span><br \/>\n<span style=\"color: #3366ff\">Logopeed:<\/span><br \/>\n<span style=\"color: #3366ff\">Abi\u00f5petaja: Marina Latova<\/span><\/p>\n<hr \/>\n<p><img loading=\"lazy\" decoding=\"async\" class=\"size-full wp-image-3744 alignleft\" src=\"http:\/\/lasteaiad.narvakultuur.ee\/pingviin\/wp-content\/uploads\/2025\/09\/Vesoroos.jpg\" alt=\"\" width=\"720\" height=\"1024\" srcset=\"http:\/\/lasteaiad.narvakultuur.ee\/pingviin\/wp-content\/uploads\/2025\/09\/Vesoroos.jpg 720w, http:\/\/lasteaiad.narvakultuur.ee\/pingviin\/wp-content\/uploads\/2025\/09\/Vesoroos-211x300.jpg 211w\" sizes=\"auto, (max-width: 720px) 100vw, 720px\" \/><\/p>\n<p>&nbsp;<\/p>\n","protected":false},"excerpt":{"rendered":"<p>Eritoega r\u00fchm nr 9 Vesiroos (lapsed 3 kuni 7 aastat) \u00d5petaja: Galina Tubin Abi\u00f5petaja: Irina Ve\u0161talo Eripedagoog: Sofia Ivanova Logopeed: Abi\u00f5petaja: Marina Latova &nbsp;<\/p>\n","protected":false},"author":5,"featured_media":0,"parent":49,"menu_order":0,"comment_status":"closed","ping_status":"closed","template":"","meta":{"footnotes":""},"class_list":["post-213","page","type-page","status-publish","hentry"],"_links":{"self":[{"href":"http:\/\/lasteaiad.narvakultuur.ee\/pingviin\/wp-json\/wp\/v2\/pages\/213","targetHints":{"allow":["GET"]}}],"collection":[{"href":"http:\/\/lasteaiad.narvakultuur.ee\/pingviin\/wp-json\/wp\/v2\/pages"}],"about":[{"href":"http:\/\/lasteaiad.narvakultuur.ee\/pingviin\/wp-json\/wp\/v2\/types\/page"}],"author":[{"embeddable":true,"href":"http:\/\/lasteaiad.narvakultuur.ee\/pingviin\/wp-json\/wp\/v2\/users\/5"}],"replies":[{"embeddable":true,"href":"http:\/\/lasteaiad.narvakultuur.ee\/pingviin\/wp-json\/wp\/v2\/comments?post=213"}],"version-history":[{"count":27,"href":"http:\/\/lasteaiad.narvakultuur.ee\/pingviin\/wp-json\/wp\/v2\/pages\/213\/revisions"}],"predecessor-version":[{"id":3870,"href":"http:\/\/lasteaiad.narvakultuur.ee\/pingviin\/wp-json\/wp\/v2\/pages\/213\/revisions\/3870"}],"up":[{"embeddable":true,"href":"http:\/\/lasteaiad.narvakultuur.ee\/pingviin\/wp-json\/wp\/v2\/pages\/49"}],"wp:attachment":[{"href":"http:\/\/lasteaiad.narvakultuur.ee\/pingviin\/wp-json\/wp\/v2\/media?parent=213"}],"curies":[{"name":"wp","href":"https:\/\/api.w.org\/{rel}","templated":true}]}}