{"id":82,"date":"2016-03-30T21:42:53","date_gmt":"2016-03-30T18:42:53","guid":{"rendered":"http:\/\/lasteaiad.narvakultuur.ee\/pingviin\/?page_id=82"},"modified":"2026-01-27T09:24:56","modified_gmt":"2026-01-27T07:24:56","slug":"lasteaiatasu","status":"publish","type":"page","link":"http:\/\/lasteaiad.narvakultuur.ee\/pingviin\/et\/lapsevanemale\/lasteaiatasu","title":{"rendered":"Lasteaiatasu"},"content":{"rendered":"<p><a href=\"http:\/\/lasteaiad.narvakultuur.ee\/pingviin\/wp-content\/uploads\/2025\/04\/Kiri_-_Vanema_osa_maar_lasteaedades_aastale_202522-7.pdf\" target=\"_blank\" rel=\"noopener noreferrer\">Vanema osa maar lasteaedades aastal 2025\/<\/a><\/p>\n<hr \/>\n<p><span style=\"color: #993300\"><strong>NB!<\/strong><\/span><\/p>\n<p><span style=\"color: #993300\"><strong>Lugupeetud lapsevanemad!<\/strong><\/span><\/p>\n<p><span style=\"color: #993300\"><strong>Alates 1. jaanuarist\u00a0 2026\u00a0<\/strong><\/span><\/p>\n<p>Narva Linnavolikogu 12.11.2025 korralduse nr 702-k \u201eLastehoiu ja lasteaia osalustasu ja toidukulu p\u00e4evamaksumuse kehtestamine\u201c \u00a7 3 l\u00f5igete 1 ja 2 \u00a0kohaselt uuteks m\u00e4\u00e4radeks 2026. aastal on:<\/p>\n<p><span style=\"color: #0000ff\"><span style=\"font-size: 12pt\"><strong>53.16 <\/strong>eurot kuus \u00fche lapse kohta<\/span>,<\/span> mis moodustab 6% Vabariigi valitsuse poolt arvestusperiodile eelnenud eelarveaastaks kinnitatud t\u00f6\u00f6tasu alamm\u00e4\u00e4rast 886.00 eurot.<\/p>\n<p>&nbsp;<\/p>\n<p><span style=\"color: #0000ff\"><strong>LUGUPEETUD\u00a0 LAPSEVANEMAD!<\/strong><\/span><\/p>\n<p><span style=\"color: #0000ff\"><strong>Alates 1. detsembrist t\u00f5useb lasteaedade toidukulu p\u00e4evamaksumus 45 sendi v\u00f5rra<\/strong><\/span><\/p>\n<p><span style=\"color: #0000ff\"><strong><em>Narva lasteaedade hoolekogude otsuste alusel t\u00f5useb\u00a0<span style=\"color: #ff0000\">alates 1. detsembrist 2025<\/span>\u00a0\u00a0lasteaedades toidukulu maksumus 45 sendi v\u00f5rra p\u00e4evas.<\/em><\/strong><strong><br \/>\n<em><br \/>\nToidukulu p\u00e4evamaksumus on alates 1. detsembrist<\/em><\/strong><\/span><\/p>\n<p><span style=\"color: #0000ff\"><strong>\u00a0<span style=\"font-size: 12pt;color: #ff0000\"><u>Aiar\u00fchmas \u2013 2,75 eurot<\/u><\/span><\/strong><strong><u><br \/>\n<\/u><\/strong><strong>Hommikus\u00f6\u00f6k \u2013 0,75 eurot<br \/>\nL\u00f5unas\u00f6\u00f6k \u2013 \u00a0\u00a0\u00a0\u00a0 \u00a01,30 eurot<br \/>\n\u00d5htuoode \u2013 \u00a0\u00a0\u00a0\u00a0 \u00a0\u00a0\u00a00,70 eurot<\/strong><\/span><\/p>\n<p><span style=\"color: #0000ff\"><strong>Hinnat\u00f5us on tingitud viimasel aja toimunud toiduainete kallinemisest.<\/strong><\/span><\/p>\n<p><span style=\"color: #0000ff\"><strong><em>Administratsioon<\/em><\/strong><\/span><\/p>\n<p>&nbsp;<\/p>\n<p><a href=\"http:\/\/raha.narvakultuur.ee\/teenustasu\" target=\"_blank\" rel=\"noopener noreferrer\">http:\/\/raha.narvakultuur.ee\/teenustasu<\/a><\/p>\n<h5><\/h5>\n<p>&nbsp;<\/p>\n<p><strong>\u00a0<\/strong><\/p>\n","protected":false},"excerpt":{"rendered":"<p>Vanema osa maar lasteaedades aastal 2025\/ NB! Lugupeetud lapsevanemad! Alates 1. jaanuarist\u00a0 2026\u00a0 Narva Linnavolikogu 12.11.2025 korralduse nr 702-k \u201eLastehoiu ja lasteaia osalustasu ja toidukulu p\u00e4evamaksumuse kehtestamine\u201c \u00a7 3 l\u00f5igete 1 ja 2 \u00a0kohaselt uuteks m\u00e4\u00e4radeks 2026. aastal on: 53.16 eurot kuus \u00fche lapse kohta, mis moodustab 6% Vabariigi valitsuse poolt arvestusperiodile eelnenud eelarveaastaks kinnitatud&hellip;<\/p>\n<p class=\"more-link-wrapper\"><a class=\"more-link\" href=\"http:\/\/lasteaiad.narvakultuur.ee\/pingviin\/et\/lapsevanemale\/lasteaiatasu\">Continue<\/a><\/p>\n","protected":false},"author":5,"featured_media":0,"parent":43,"menu_order":0,"comment_status":"closed","ping_status":"closed","template":"","meta":{"footnotes":""},"class_list":["post-82","page","type-page","status-publish","hentry"],"_links":{"self":[{"href":"http:\/\/lasteaiad.narvakultuur.ee\/pingviin\/wp-json\/wp\/v2\/pages\/82","targetHints":{"allow":["GET"]}}],"collection":[{"href":"http:\/\/lasteaiad.narvakultuur.ee\/pingviin\/wp-json\/wp\/v2\/pages"}],"about":[{"href":"http:\/\/lasteaiad.narvakultuur.ee\/pingviin\/wp-json\/wp\/v2\/types\/page"}],"author":[{"embeddable":true,"href":"http:\/\/lasteaiad.narvakultuur.ee\/pingviin\/wp-json\/wp\/v2\/users\/5"}],"replies":[{"embeddable":true,"href":"http:\/\/lasteaiad.narvakultuur.ee\/pingviin\/wp-json\/wp\/v2\/comments?post=82"}],"version-history":[{"count":25,"href":"http:\/\/lasteaiad.narvakultuur.ee\/pingviin\/wp-json\/wp\/v2\/pages\/82\/revisions"}],"predecessor-version":[{"id":3993,"href":"http:\/\/lasteaiad.narvakultuur.ee\/pingviin\/wp-json\/wp\/v2\/pages\/82\/revisions\/3993"}],"up":[{"embeddable":true,"href":"http:\/\/lasteaiad.narvakultuur.ee\/pingviin\/wp-json\/wp\/v2\/pages\/43"}],"wp:attachment":[{"href":"http:\/\/lasteaiad.narvakultuur.ee\/pingviin\/wp-json\/wp\/v2\/media?parent=82"}],"curies":[{"name":"wp","href":"https:\/\/api.w.org\/{rel}","templated":true}]}}